{"id":22,"date":"2014-12-08T14:38:59","date_gmt":"2014-12-08T13:38:59","guid":{"rendered":"http:\/\/www.oskarshamnsstadsbud.se\/?page_id=22"},"modified":"2016-03-16T13:48:31","modified_gmt":"2016-03-16T12:48:31","slug":"om-oss","status":"publish","type":"page","link":"https:\/\/www.kungsflytt.se\/?page_id=22","title":{"rendered":"OM OSS"},"content":{"rendered":"<h2><a href=\"http:\/\/www.kungsflytt.se\/wp-content\/uploads\/2016\/03\/logga.png\" rel=\"attachment wp-att-103\"><img decoding=\"async\" loading=\"lazy\" class=\"alignnone  wp-image-103\" src=\"http:\/\/www.kungsflytt.se\/wp-content\/uploads\/2016\/03\/logga.png\" alt=\"logga\" width=\"187\" height=\"115\" \/><\/a><\/h2>\n<p>Du kan lugnt l\u00e4mna \u00f6ver ansvaret f\u00f6r f\u00f6rflyttningen eller magasineringen av ditt bolag eller kontor till oss p\u00e5 Kungsflytt. Vi tar det som ett stort f\u00f6rtroende och g\u00f6r allt f\u00f6r att du ska k\u00e4nna dig trygg och n\u00f6jd. Vi vill ge snabba och klara besked och du kan lita p\u00e5 att vi h\u00e5ller vad vi lovar.<br \/>\nMed moderna fordon fr\u00e5n och erfaren personal l\u00f6ser vi det flesta uppdrag och effektivt. Vi vill bli ditt f\u00f6rsta val n\u00e4r du ska v\u00e4lja en flyttfirma.<\/p>\n<p>&nbsp;<\/p>\n<h2>Ansvar<\/h2>\n<p>Vi s\u00e4tter st\u00f6rsta fokus p\u00e5 att alla objekt ska hanteras med st\u00f6rsta f\u00f6rsiktighet f\u00f6r att minimera risken f\u00f6r skador. Vi \u00e4r ansvarsf\u00f6rs\u00e4krade genom Trygg Hansa.<\/p>\n<p>&nbsp;<\/p>\n<p>&nbsp;<\/p>\n","protected":false},"excerpt":{"rendered":"<p>Du kan lugnt l\u00e4mna \u00f6ver ansvaret f\u00f6r f\u00f6rflyttningen eller magasineringen av ditt bolag eller kontor till oss p\u00e5 Kungsflytt. Vi tar det som ett stort f\u00f6rtroende och g\u00f6r allt f\u00f6r att du ska k\u00e4nna dig trygg och n\u00f6jd. Vi vill ge snabba och klara besked och du kan lita p\u00e5 att vi h\u00e5ller vad vi [&hellip;]<\/p>\n","protected":false},"author":1,"featured_media":0,"parent":0,"menu_order":0,"comment_status":"open","ping_status":"closed","template":"","meta":[],"_links":{"self":[{"href":"https:\/\/www.kungsflytt.se\/index.php?rest_route=\/wp\/v2\/pages\/22"}],"collection":[{"href":"https:\/\/www.kungsflytt.se\/index.php?rest_route=\/wp\/v2\/pages"}],"about":[{"href":"https:\/\/www.kungsflytt.se\/index.php?rest_route=\/wp\/v2\/types\/page"}],"author":[{"embeddable":true,"href":"https:\/\/www.kungsflytt.se\/index.php?rest_route=\/wp\/v2\/users\/1"}],"replies":[{"embeddable":true,"href":"https:\/\/www.kungsflytt.se\/index.php?rest_route=%2Fwp%2Fv2%2Fcomments&post=22"}],"version-history":[{"count":9,"href":"https:\/\/www.kungsflytt.se\/index.php?rest_route=\/wp\/v2\/pages\/22\/revisions"}],"predecessor-version":[{"id":120,"href":"https:\/\/www.kungsflytt.se\/index.php?rest_route=\/wp\/v2\/pages\/22\/revisions\/120"}],"wp:attachment":[{"href":"https:\/\/www.kungsflytt.se\/index.php?rest_route=%2Fwp%2Fv2%2Fmedia&parent=22"}],"curies":[{"name":"wp","href":"https:\/\/api.w.org\/{rel}","templated":true}]}}