{"id":27,"date":"2014-12-08T15:08:47","date_gmt":"2014-12-08T14:08:47","guid":{"rendered":"http:\/\/www.oskarshamnsstadsbud.se\/?page_id=27"},"modified":"2016-03-17T10:21:44","modified_gmt":"2016-03-17T09:21:44","slug":"tjanser","status":"publish","type":"page","link":"https:\/\/www.kungsflytt.se\/?page_id=27","title":{"rendered":"TJ\u00c4NSTER"},"content":{"rendered":"<h2><a href=\"http:\/\/www.kungsflytt.se\/wp-content\/uploads\/2014\/12\/services.jpg\" rel=\"attachment wp-att-117\"><img decoding=\"async\" loading=\"lazy\" class=\"alignnone size-full wp-image-117\" src=\"http:\/\/www.kungsflytt.se\/wp-content\/uploads\/2014\/12\/services.jpg\" alt=\"services\" width=\"1000\" height=\"500\" srcset=\"https:\/\/www.kungsflytt.se\/wp-content\/uploads\/2014\/12\/services.jpg 1000w, https:\/\/www.kungsflytt.se\/wp-content\/uploads\/2014\/12\/services-300x150.jpg 300w, https:\/\/www.kungsflytt.se\/wp-content\/uploads\/2014\/12\/services-768x384.jpg 768w\" sizes=\"(max-width: 1000px) 100vw, 1000px\" \/><\/a><\/h2>\n<h2>Flyttning av f\u00f6retag<\/h2>\n<p>Under \u00e5rens lopp har vi hj\u00e4lpt m\u00e5nga f\u00f6retag och kommunala inr\u00e4ttningar att flytta. Ibland till en annan stad, ibland inom samma hus.<br \/>\nGod planering och ett v\u00e4l genomf\u00f6rt gemensamt f\u00f6rarbete borgar f\u00f6r en snabb, effektiv och lyckad kontorsflytning. Kartonger kan ni hyra av oss och f\u00f6r mer information om detta kontakta oss.<\/p>\n<h2>Flytt av bohag<\/h2>\n<p>Att flytta ett hem \u00e4r i h\u00f6gsta grad en personlig fr\u00e5ga. D\u00e4rf\u00f6r tar vi god tid p\u00e5 oss f\u00f6r att diskutera dina \u00f6nskem\u00e5l.<br \/>\nVissa vill sk\u00f6ta packning sj\u00e4lva, medan andra l\u00e5ter oss ta hand om allt, s\u00e5som flyttst\u00e4dning, grovm\u00f6blering\u00a0 och uppackning. V\u00e5ra kunder som v\u00e4ljer att packa sj\u00e4lva, f\u00e5r l\u00e5na s\u00e5 m\u00e5nga l\u00e5dor de \u00f6nskar.<br \/>\nF\u00f6r mer information om detta, kontakta oss.<\/p>\n<h2>Budtransporter<\/h2>\n<p>Vi utf\u00f6r alla slags budtransporter. Allt mellan ett kuvert till 14 pallplatser inom hela EU.<\/p>\n<h2>Flyttst\u00e4dning<\/h2>\n<p>Det \u00e4r alltid en god id\u00e9 att l\u00e4mna flyttst\u00e4dningen till proffs, vare sig det g\u00e4ller kontor, l\u00e4genhet eller villa.<br \/>\nArbetet blir utf\u00f6rt med garanti och man kan l\u00e4gga all sin kraft p\u00e5 den nya bostaden eller kontoret.<\/p>\n","protected":false},"excerpt":{"rendered":"<p>Flyttning av f\u00f6retag Under \u00e5rens lopp har vi hj\u00e4lpt m\u00e5nga f\u00f6retag och kommunala inr\u00e4ttningar att flytta. Ibland till en annan stad, ibland inom samma hus. God planering och ett v\u00e4l genomf\u00f6rt gemensamt f\u00f6rarbete borgar f\u00f6r en snabb, effektiv och lyckad kontorsflytning. Kartonger kan ni hyra av oss och f\u00f6r mer information om detta kontakta oss. [&hellip;]<\/p>\n","protected":false},"author":1,"featured_media":0,"parent":0,"menu_order":0,"comment_status":"open","ping_status":"closed","template":"","meta":[],"_links":{"self":[{"href":"https:\/\/www.kungsflytt.se\/index.php?rest_route=\/wp\/v2\/pages\/27"}],"collection":[{"href":"https:\/\/www.kungsflytt.se\/index.php?rest_route=\/wp\/v2\/pages"}],"about":[{"href":"https:\/\/www.kungsflytt.se\/index.php?rest_route=\/wp\/v2\/types\/page"}],"author":[{"embeddable":true,"href":"https:\/\/www.kungsflytt.se\/index.php?rest_route=\/wp\/v2\/users\/1"}],"replies":[{"embeddable":true,"href":"https:\/\/www.kungsflytt.se\/index.php?rest_route=%2Fwp%2Fv2%2Fcomments&post=27"}],"version-history":[{"count":16,"href":"https:\/\/www.kungsflytt.se\/index.php?rest_route=\/wp\/v2\/pages\/27\/revisions"}],"predecessor-version":[{"id":128,"href":"https:\/\/www.kungsflytt.se\/index.php?rest_route=\/wp\/v2\/pages\/27\/revisions\/128"}],"wp:attachment":[{"href":"https:\/\/www.kungsflytt.se\/index.php?rest_route=%2Fwp%2Fv2%2Fmedia&parent=27"}],"curies":[{"name":"wp","href":"https:\/\/api.w.org\/{rel}","templated":true}]}}